 is the units digit of 20148?
8
What is the hundreds digit of 7807608?
6
What is the hundreds digit of 102000?
0
What is the hundreds digit of 1039616?
6
What is the millions digit of 2474883?
2
What is the tens digit of 2370926?
2
What is the units digit of 7901269?
9
What is the ten thousands digit of 384814?
8
What is the hundred thousands digit of 416957?
4
What is the units digit of 2416039?
9
What is the units digit of 68450?
0
What is the hundreds digit of 612208?
2
What is the hundred thousands digit of 5942792?
9
What is the units digit of 2118099?
9
What is the thousands digit of 120971?
0
What is the tens digit of 6587494?
9
What is the units digit of 270456?
6
What is the tens digit of 7853407?
0
What is the hundred thousands digit of 32357236?
3
What is the thousands digit of 309261?
9
What is the ten thousands digit of 7125744?
2
What is the thousands digit of 288095?
8
What is the thousands digit of 847925?
7
What is the tens digit of 919038?
3
What is the ten thousands digit of 54339?
5
What is the tens digit of 480655?
5
What is the ten millions digit of 17312692?
1
What is the hundreds digit of 450143?
1
What is the ten thousands digit of 7504029?
0
What is the thousands digit of 86042?
6
What is the ten thousands digit of 665050?
6
What is the units digit of 20642?
2
What is the units digit of 865078?
8
What is the tens digit of 149167?
6
What is the millions digit of 1362598?
1
What is the thousands digit of 623424?
3
What is the ten thousands digit of 2051919?
5
What is the millions digit of 25560802?
5
What is the millions digit of 24964833?
4
What is the thousands digit of 249845?
9
What is the hundreds digit of 3516226?
2
What is the tens digit of 786200?
0
What is the hundred thousands digit of 288186?
2
What is the hundred thousands digit of 534704?
5
What is the units digit of 852839?
9
What is the hundred thousands digit of 1501658?
5
What is the ten thousands digit of 89533?
8
What is the units digit of 2137654?
4
What is the units digit of 189152?
2
What is the hundred thousands digit of 132392?
1
What is the hundred thousands digit of 20788410?
7
What is the tens digit of 4037901?
0
What is the ten thousands digit of 383458?
8
What is the units digit of 70927?
7
What is the hundreds digit of 354609?
6
What is the hundreds digit of 8736238?
2
What is the thousands digit of 6353495?
3
What is the tens digit of 174335?
3
What is the thousands digit of 380955?
0
What is the units digit of 251926?
6
What is the ten thousands digit of 3008923?
0
What is the units digit of 273225?
5
What is the thousands digit of 2435703?
5
What is the hundreds digit of 506130?
1
What is the units digit of 2959753?
3
What is the millions digit of 1202251?
1
What is the hundred thousands digit of 1400817?
4
What is the ten thousands digit of 5803604?
0
What is the ten thousands digit of 2655455?
5
What is the tens digit of 18323203?
0
What is the millions digit of 13502694?
3
What is the hundred thousands digit of 145515?
1
What is the thousands digit of 2952804?
2
What is the units digit of 1428990?
0
What is the hundreds digit of 2786310?
3
What is the millions digit of 2674975?
2
What is the tens digit of 191638?
3
What is the hundred thousands digit of 226728?
2
What is the tens digit of 267635?
3
What is the tens digit of 1749482?
8
What is the ten thousands digit of 10272659?
7
What is the units digit of 675478?
8
What is the units digit of 1320042?
2
What is the ten thousands digit of 455513?
5
What is the units digit of 14412858?
8
What is the thousands digit of 107095?
7
What is the units digit of 2078352?
2
What is the units digit of 2076310?
0
What is the tens digit of 262611?
1
What is the tens digit of 1051669?
6
What is the hundred thousands digit of 430392?
4
What is the ten thousands digit of 563225?
6
What is the hundreds digit of 743998?
9
What is the ten thousands digit of 80213?
8
What is the tens digit of 427342?
4
What is the units digit of 33155515?
5
What is the hundred thousands digit of 200427?
2
What is the hundred thousands digit of 140236?
1
What is the ten thousands digit of 81436?
8
What is the ten thousands digit of 2529922?
2
What is the thousands digit of 415054?
5
What is the units digit of 508754?
4
What is the hundred thousands digit of 521706?
5
What is the hundreds digit of 19377803?
8
What is the tens digit of 75663?
6
What is the thousands digit of 32323?
2
What is the hundreds digit of 819150?
1
What is the hundreds digit of 14848995?
9
What is the tens digit of 1585978?
7
What is the thousands digit of 280642?
0
What is the hundreds digit of 23179849?
8
What is the units digit of 727689?
9
What is the hundred thousands digit of 13974004?
9
What is the hundred thousands digit of 680581?
6
What is the tens digit of 1600235?
3
What is the units digit of 97622?
2
What is the millions digit of 16722346?
6
What is the ten thousands digit of 10569560?
6
What is the millions digit of 33593234?
3
What is the millions digit of 16173737?
6
What is the hundreds digit of 280269?
2
What is the hundred thousands digit of 2864055?
8
What is the units digit of 354888?
8
What is the thousands digit of 768568?
8
What is the thousands digit of 379622?
9
What is the thousands digit of 198494?
8
What is the hundreds digit of 219755?
7
What is the tens digit of 16533868?
6
What is the hundreds digit of 20702851?
8
What is the units digit of 678443?
3
What is the thousands digit of 243201?
3
What is the hundreds digit of 573427?
4
What is the hundreds digit of 940911?
9
What is the tens digit of 301087?
8
What is the ten thousands digit of 303411?
0
What is the hundred thousands digit of 736562?
7
What is the hundreds digit of 36751761?
7
What is the tens digit of 3064081?
8
What is the hundreds digit of 328925?
9
What is the units digit of 85637?
7
What is the hundreds digit of 522319?
3
What is the ten thousands digit of 278476?
7
What is the units digit of 2520?
0
What is the ten thousands digit of 7471288?
7
What is the hundreds digit of 1253328?
3
What is the units digit of 115822?
2
What is the units digit of 1277767?
7
What is the hundreds digit of 16431101?
1
What is the units digit of 1869494?
4
What is the millions digit of 1429345?
1
What is the hundreds digit of 703354?
3
What is the hundred thousands digit of 1611351?
6
What is the hundred thousands digit of 3251413?
2
What is the units digit of 872313?
3
What is the ten thousands digit of 335092?
3
What is the units digit of 1989731?
1
What is the units digit of 1072328?
8
What is the tens digit of 18736200?
0
What is the hundred thousands digit of 319798?
3
What is the millions digit of 15258171?
5
What is the millions digit of 6785453?
6
What is the ten thousands digit of 1109867?
0
What is the tens digit of 3029176?
7
What is the tens digit of 10775817?
1
What is the millions digit of 4654482?
4
What is the hundred thousands digit of 11548899?
5
What is the thousands digit of 129304?
9
What is the units digit of 820602?
2
What is the units digit of 6431295?
5
What is the thousands digit of 2269122?
9
What is the hundreds digit of 944299?
2
What is the thousands digit of 96138?
6
What is the tens digit of 5965711?
1
What is the tens digit of 5029187?
8
What is the units digit of 2126147?
7
What is the ten millions digit of 12947076?
1
What is the ten millions digit of 23677721?
2
What is the thousands digit of 400172?
0
What is the thousands digit of 1817887?
7
What is the ten millions digit of 11412485?
1
What is the millions digit of 1335598?
1
What is the units digit of 6721930?
0
What is the hundreds digit of 345671?
6
What is the thousands digit of 202564?
2
What is the hundreds digit of 3040?
0
What is the ten thousands digit of 39616?
3
What is the hundreds digit of 1203551?
5
What is the tens digit of 1935327?
2
What is the units digit of 363959?
9
What is the tens digit of 313439?
3
What is the units digit of 3287577?
7
What is the hundreds digit of 295138?
1
What is the ten thousands digit of 803865?
0
What is the thousands digit of 2096746?
6
What is the units digit of 163326?
6
What is the hundred thousands digit of 1026668?
0
What is the thousands digit of 1160688?
0
What is the ten thousands digit of 1882381?
8
What is the tens digit 